igit of 748984?
9
What is the hundred thousands digit of 108998?
1
What is the thousands digit of 315178?
5
What is the hundreds digit of 421969?
9
What is the hundreds digit of 27645034?
0
What is the tens digit of 75720?
2
What is the tens digit of 3717908?
0
What is the hundred thousands digit of 518768?
5
What is the hundred thousands digit of 10695314?
6
What is the ten thousands digit of 1630004?
3
What is the units digit of 863220?
0
What is the hundreds digit of 16244293?
2
What is the units digit of 360429?
9
What is the units digit of 4068856?
6
What is the hundreds digit of 862008?
0
What is the ten thousands digit of 147938?
4
What is the units digit of 2451159?
9
What is the thousands digit of 790707?
0
What is the thousands digit of 960728?
0
What is the tens digit of 740843?
4
What is the hundred thousands digit of 735389?
7
What is the hundreds digit of 900717?
7
What is the ten thousands digit of 16113662?
1
What is the thousands digit of 121960?
1
What is the thousands digit of 9933787?
3
What is the ten thousands digit of 1013432?
1
What is the thousands digit of 2057543?
7
What is the thousands digit of 592764?
2
What is the hundred thousands digit of 219855?
2
What is the ten thousands digit of 20080531?
8
What is the hundreds digit of 1467867?
8
What is the units digit of 649453?
3
What is the hundreds digit of 7608273?
2
What is the ten thousands digit of 9974050?
7
What is the hundred thousands digit of 525786?
5
What is the hundred thousands digit of 6039718?
0
What is the hundred thousands digit of 2355373?
3
What is the thousands digit of 15503?
5
What is the thousands digit of 154396?
4
What is the units digit of 71333?
3
What is the hundred thousands digit of 109113?
1
What is the hundred thousands digit of 5614753?
6
What is the ten thousands digit of 519485?
1
What is the tens digit of 270838?
3
What is the millions digit of 2449459?
2
What is the thousands digit of 560400?
0
What is the thousands digit of 380454?
0
What is the hundreds digit of 752728?
7
What is the hundred thousands digit of 623397?
6
What is the tens digit of 233268?
6
What is the ten millions digit of 26735238?
2
What is the ten thousands digit of 5860591?
6
What is the thousands digit of 349226?
9
What is the ten thousands digit of 4839313?
3
What is the hundred thousands digit of 921381?
9
What is the hundreds digit of 297242?
2
What is the units digit of 229415?
5
What is the tens digit of 1142264?
6
What is the thousands digit of 2381596?
1
What is the hundred thousands digit of 17484167?
4
What is the hundred thousands digit of 14915204?
9
What is the units digit of 2782462?
2
What is the hundred thousands digit of 2589201?
5
What is the units digit of 7096142?
2
What is the thousands digit of 189505?
9
What is the ten thousands digit of 1827950?
2
What is the ten thousands digit of 72641?
7
What is the hundreds digit of 293529?
5
What is the hundred thousands digit of 215955?
2
What is the units digit of 261080?
0
What is the thousands digit of 86705?
6
What is the tens digit of 204989?
8
What is the ten thousands digit of 556822?
5
What is the hundred thousands digit of 7333864?
3
What is the hundred thousands digit of 196270?
1
What is the hundred thousands digit of 682087?
6
What is the hundred thousands digit of 5774407?
7
What is the tens digit of 553943?
4
What is the tens digit of 96729?
2
What is the hundreds digit of 152259?
2
What is the hundreds digit of 1186072?
0
What is the ten thousands digit of 772927?
7
What is the units digit of 863517?
7
What is the thousands digit of 387165?
7
What is the ten thousands digit of 2029184?
2
What is the hundred thousands digit of 6388558?
3
What is the ten millions digit of 12193979?
1
What is the thousands digit of 122715?
2
What is the ten thousands digit of 459892?
5
What is the hundred thousands digit of 329806?
3
What is the millions digit of 11896784?
1
What is the hundred thousands digit of 116667?
1
What is the ten thousands digit of 273343?
7
What is the thousands digit of 398959?
8
What is the tens digit of 125554?
5
What is the units digit of 3489231?
1
What is the hundred thousands digit of 5042350?
0
What is the thousands digit of 3741669?
1
What is the ten thousands digit of 67123?
6
What is the ten thousands digit of 5342785?
4
What is the hundred thousands digit of 193371?
1
What is the hundreds digit of 551514?
5
What is the hundred thousands digit of 505638?
5
What is the hundreds digit of 3862191?
1
What is the ten thousands digit of 464491?
6
What is the thousands digit of 1349382?
9
What is the hundred thousands digit of 308928?
3
What is the thousands digit of 82646?
2
What is the ten thousands digit of 16612526?
1
What is the millions digit of 2344651?
2
What is the ten thousands digit of 694291?
9
What is the hundreds digit of 717682?
6
What is the ten thousands digit of 59544?
5
What is the millions digit of 1799798?
1
What is the units digit of 3102064?
4
What is the ten millions digit of 14400822?
1
What is the ten thousands digit of 165423?
6
What is the millions digit of 12445716?
2
What is the tens digit of 863265?
6
What is the hundred thousands digit of 155045?
1
What is the ten thousands digit of 958639?
5
What is the millions digit of 1531002?
1
What is the ten thousands digit of 119571?
1
What is the ten thousands digit of 75866?
7
What is the ten thousands digit of 35535?
3
What is the units digit of 279991?
1
What is the thousands digit of 7186542?
6
What is the hundred thousands digit of 22701282?
7
What is the hundreds digit of 4576194?
1
What is the tens digit of 34122834?
3
What is the hundreds digit of 78891?
8
What is the thousands digit of 1752422?
2
What is the thousands digit of 2017034?
7
What is the units digit of 10706889?
9
What is the units digit of 5758969?
9
What is the thousands digit of 758212?
8
What is the hundreds digit of 409310?
3
What is the tens digit of 3864837?
3
What is the tens digit of 1192068?
6
What is the units digit of 141659?
9
What is the units digit of 1572008?
8
What is the tens digit of 442951?
5
What is the thousands digit of 13838678?
8
What is the units digit of 136964?
4
What is the hundreds digit of 100957?
9
What is the tens digit of 1265488?
8
What is the thousands digit of 423409?
3
What is the hundred thousands digit of 3248331?
2
What is the hundreds digit of 16230408?
4
What is the units digit of 872943?
3
What is the thousands digit of 23369092?
9
What is the thousands digit of 5578209?
8
What is the hundreds digit of 12158407?
4
What is the tens digit of 87308?
0
What is the hundred thousands digit of 1312072?
3
What is the hundred thousands digit of 29322223?
3
What is the ten thousands digit of 177053?
7
What is the millions digit of 4198725?
4
What is the tens digit of 597074?
7
What is the tens digit of 2384408?
0
What is the ten thousands digit of 4975997?
7
What is the millions digit of 9894454?
9
What is the ten thousands digit of 295832?
9
What is the hundreds digit of 313872?
8
What is the hundred thousands digit of 377526?
3
What is the units digit of 555881?
1
What is the hundreds digit of 94388?
3
What is the millions digit of 2260113?
2
What is the millions digit of 13365351?
3
What is the units digit of 18063326?
6
What is the tens digit of 605512?
1
What is the tens digit of 3487644?
4
What is the tens digit of 1280615?
1
What is the tens digit of 279007?
0
What is the tens digit of 26365242?
4
What is the tens digit of 219279?
7
What is the units digit of 304862?
2
What is the millions digit of 24949155?
4
What is the hundreds digit of 641395?
3
What is the hundred thousands digit of 593319?
5
What is the hundred thousands digit of 1202623?
2
What is the thousands digit of 46234399?
4
What is the thousands digit of 538828?
8
What is the millions digit of 4536820?
4
What is the hundreds digit of 228622?
6
What is the thousands digit of 8391501?
1
What is the millions digit of 15785884?
5
What is the tens digit of 135446?
4
What is the units digit of 4276721?
1
What is the ten thousands digit of 5318169?
1
What is the thousands digit of 376226?
6
What is the tens digit of 4351721?
2
What is the ten thousands digit of 40612589?
1
What is the units digit of 807560?
0
What is the tho